Last updated on 2025-11-07 03:50:55 CET.
| Flavor | Version | Tinstall | Tcheck | Ttotal | Status | Flags |
|---|---|---|---|---|---|---|
| r-devel-linux-x86_64-debian-clang | 0.8.1 | 106.36 | 62.80 | 169.16 | OK | |
| r-devel-linux-x86_64-debian-gcc | 0.8.1 | 93.90 | 43.79 | 137.69 | OK | |
| r-devel-linux-x86_64-fedora-clang | 0.8.2 | 160.00 | 141.83 | 301.83 | OK | |
| r-devel-linux-x86_64-fedora-gcc | 0.8.2 | 43.00 | 198.52 | 241.52 | OK | |
| r-devel-windows-x86_64 | 0.8.1 | 214.00 | 106.00 | 320.00 | OK | |
| r-patched-linux-x86_64 | 0.8.1 | 125.04 | 58.55 | 183.59 | OK | |
| r-release-linux-x86_64 | 0.8.1 | 125.64 | 58.59 | 184.23 | OK | |
| r-release-macos-arm64 | 0.8.1 | 57.00 | 35.00 | 92.00 | OK | |
| r-release-macos-x86_64 | 0.8.2 | 84.00 | 83.00 | 167.00 | OK | |
| r-release-windows-x86_64 | 0.8.1 | 210.00 | 105.00 | 315.00 | OK | |
| r-oldrel-macos-arm64 | 0.8.1 | 50.00 | 36.00 | 86.00 | NOTE | |
| r-oldrel-macos-x86_64 | 0.8.2 | 80.00 | 98.00 | 178.00 | NOTE | |
| r-oldrel-windows-x86_64 | 0.8.1 | 209.00 | 134.00 | 343.00 | NOTE |
Version: 0.8.1
Check: installed package size
Result: NOTE
installed size is 12.0Mb
sub-directories of 1Mb or more:
libs 10.9Mb
Flavor: r-oldrel-macos-arm64
Version: 0.8.1
Check: for GNU extensions in Makefiles
Result: NOTE
GNU make is a SystemRequirements.
Flavors: r-oldrel-macos-arm64, r-oldrel-windows-x86_64
Version: 0.8.2
Check: installed package size
Result: NOTE
installed size is 13.7Mb
sub-directories of 1Mb or more:
extdata 1.4Mb
libs 11.4Mb
Flavor: r-oldrel-macos-x86_64
Version: 0.8.2
Check: for GNU extensions in Makefiles
Result: NOTE
GNU make is a SystemRequirements.
Flavor: r-oldrel-macos-x86_64