Last updated on 2025-11-03 03:50:00 CET.
| Flavor | Version | Tinstall | Tcheck | Ttotal | Status | Flags | 
|---|---|---|---|---|---|---|
| r-devel-linux-x86_64-debian-clang | 1.5.1 | 398.95 | 280.97 | 679.92 | OK | |
| r-devel-linux-x86_64-debian-gcc | 1.5.1 | 276.57 | 194.66 | 471.23 | OK | |
| r-devel-linux-x86_64-fedora-clang | 1.5.1 | 1080.00 | 92.43 | 1172.43 | OK | |
| r-devel-linux-x86_64-fedora-gcc | 1.5.1 | 900.00 | 280.33 | 1180.33 | OK | |
| r-devel-windows-x86_64 | 1.5.1 | 421.00 | 319.00 | 740.00 | OK | |
| r-patched-linux-x86_64 | 1.5.1 | 420.80 | 285.08 | 705.88 | OK | |
| r-release-linux-x86_64 | 1.5.1 | 416.81 | 288.97 | 705.78 | OK | |
| r-release-macos-arm64 | 1.5.1 | 133.00 | 114.00 | 247.00 | OK | |
| r-release-macos-x86_64 | 1.5.1 | 319.00 | 434.00 | 753.00 | OK | |
| r-release-windows-x86_64 | 1.5.1 | 417.00 | 313.00 | 730.00 | OK | |
| r-oldrel-macos-arm64 | 1.5.1 | 123.00 | 124.00 | 247.00 | NOTE | |
| r-oldrel-macos-x86_64 | 1.5.1 | 382.00 | 437.00 | 819.00 | NOTE | |
| r-oldrel-windows-x86_64 | 1.5.1 | 510.00 | 396.00 | 906.00 | NOTE | 
Version: 1.5.1
Check: installed package size
Result: NOTE
    installed size is 75.5Mb
    sub-directories of 1Mb or more:
      R      2.0Mb
      doc    1.4Mb
      libs  71.2Mb
Flavors: r-oldrel-macos-arm64, r-oldrel-macos-x86_64, r-oldrel-windows-x86_64
Version: 1.5.1
Check: for GNU extensions in Makefiles
Result: NOTE
  GNU make is a SystemRequirements.
Flavors: r-oldrel-macos-arm64, r-oldrel-macos-x86_64, r-oldrel-windows-x86_64