Last updated on 2025-05-22 03:50:52 CEST.
Flavor | Version | Tinstall | Tcheck | Ttotal | Status | Flags |
---|---|---|---|---|---|---|
r-devel-linux-x86_64-debian-clang | 0.2.0 | 7.17 | 58.13 | 65.30 | NOTE | |
r-devel-linux-x86_64-debian-gcc | 0.2.0 | 5.02 | 45.93 | 50.95 | NOTE | |
r-devel-linux-x86_64-fedora-clang | 0.2.0 | 100.24 | OK | |||
r-devel-linux-x86_64-fedora-gcc | 0.2.0 | 98.87 | OK | |||
r-devel-windows-x86_64 | 0.2.0 | 9.00 | 80.00 | 89.00 | OK | |
r-patched-linux-x86_64 | 0.2.0 | 6.62 | 56.06 | 62.68 | OK | |
r-release-linux-x86_64 | 0.2.0 | 7.38 | 56.60 | 63.98 | OK | |
r-release-macos-arm64 | 0.2.0 | 36.00 | OK | |||
r-release-macos-x86_64 | 0.2.0 | 63.00 | OK | |||
r-release-windows-x86_64 | 0.2.0 | 8.00 | 97.00 | 105.00 | OK | |
r-oldrel-macos-arm64 | 0.2.0 | 30.00 | OK | |||
r-oldrel-macos-x86_64 | 0.2.0 | 46.00 | OK | |||
r-oldrel-windows-x86_64 | 0.2.0 | 10.00 | 81.00 | 91.00 | OK |
Version: 0.2.0
Check: CRAN incoming feasibility
Result: NOTE
Maintainer: ‘Luis Benites <lbenitesanchez@gmail.com>’
No Authors@R field in DESCRIPTION.
Please add one, modifying
Authors@R: c(person(given = "Rocio",
family = "Maehara",
role = "aut"),
person(given = "Luis",
family = "Benites",
role = c("aut", "cre"),
email = "lbenitesanchez@gmail.com"))
as necessary.
Flavors: r-devel-linux-x86_64-debian-clang, r-devel-linux-x86_64-debian-gcc