Last updated on 2025-11-04 03:51:07 CET.
| Flavor | Version | Tinstall | Tcheck | Ttotal | Status | Flags | 
|---|---|---|---|---|---|---|
| r-devel-linux-x86_64-debian-clang | 0.1.0 | 4.41 | 38.19 | 42.60 | NOTE | |
| r-devel-linux-x86_64-debian-gcc | 0.1.0 | 2.77 | 27.86 | 30.63 | NOTE | |
| r-devel-linux-x86_64-fedora-clang | 0.1.0 | 62.94 | NOTE | |||
| r-devel-linux-x86_64-fedora-gcc | 0.1.0 | 58.42 | NOTE | |||
| r-devel-windows-x86_64 | 0.1.0 | 5.00 | 51.00 | 56.00 | OK | |
| r-patched-linux-x86_64 | 0.1.0 | 3.53 | 34.62 | 38.15 | OK | |
| r-release-linux-x86_64 | 0.1.0 | 2.50 | 34.61 | 37.11 | OK | |
| r-release-macos-arm64 | 0.1.0 | 2.00 | 21.00 | 23.00 | OK | |
| r-release-macos-x86_64 | 0.1.0 | 4.00 | 35.00 | 39.00 | OK | |
| r-release-windows-x86_64 | 0.1.0 | 5.00 | 50.00 | 55.00 | OK | |
| r-oldrel-macos-arm64 | 0.1.0 | 2.00 | 20.00 | 22.00 | NOTE | |
| r-oldrel-macos-x86_64 | 0.1.0 | 3.00 | 28.00 | 31.00 | NOTE | |
| r-oldrel-windows-x86_64 | 0.1.0 | 7.00 | 63.00 | 70.00 | NOTE | 
Version: 0.1.0
Check: CRAN incoming feasibility
Result: NOTE
  Maintainer: ‘Danielle Quinn <danielle.quinn@mun.ca>’
  
  No Authors@R field in DESCRIPTION.
  Please add one, modifying
    Authors@R: person(given = "Danielle",
                      family = "Quinn",
                      role = c("aut", "cre"),
                      email = "danielle.quinn@mun.ca")
  as necessary.
Flavors: r-devel-linux-x86_64-debian-clang, r-devel-linux-x86_64-debian-gcc
Version: 0.1.0
Check: dependencies in R code
Result: NOTE
  Namespace in Imports field not imported from: ‘testthat’
    All declared Imports should be used.
Flavors: r-devel-linux-x86_64-fedora-clang, r-devel-linux-x86_64-fedora-gcc
Version: 0.1.0
Check: LazyData
Result: NOTE
    'LazyData' is specified without a 'data' directory
Flavors: r-oldrel-macos-arm64, r-oldrel-macos-x86_64, r-oldrel-windows-x86_64