Last updated on 2025-11-04 03:51:06 CET.
| Flavor | Version | Tinstall | Tcheck | Ttotal | Status | Flags | 
|---|---|---|---|---|---|---|
| r-devel-linux-x86_64-debian-clang | 0.33.0 | 63.59 | 175.67 | 239.26 | OK | |
| r-devel-linux-x86_64-debian-gcc | 0.33.0 | 47.93 | 117.21 | 165.14 | OK | |
| r-devel-linux-x86_64-fedora-clang | 0.33.0 | 170.00 | 157.04 | 327.04 | OK | |
| r-devel-linux-x86_64-fedora-gcc | 0.33.0 | 157.00 | 224.12 | 381.12 | OK | |
| r-devel-windows-x86_64 | 0.33.0 | 78.00 | 179.00 | 257.00 | OK | |
| r-patched-linux-x86_64 | 0.33.0 | 64.41 | 156.27 | 220.68 | OK | |
| r-release-linux-x86_64 | 0.33.0 | 68.84 | 156.88 | 225.72 | OK | |
| r-release-macos-arm64 | 0.33.0 | 32.00 | 70.00 | 102.00 | OK | |
| r-release-macos-x86_64 | 0.33.0 | 47.00 | 142.00 | 189.00 | OK | |
| r-release-windows-x86_64 | 0.33.0 | 71.00 | 178.00 | 249.00 | OK | |
| r-oldrel-macos-arm64 | 0.33.0 | 28.00 | 82.00 | 110.00 | NOTE | |
| r-oldrel-macos-x86_64 | 0.33.0 | 47.00 | 100.00 | 147.00 | NOTE | |
| r-oldrel-windows-x86_64 | 0.33.0 | 105.00 | 233.00 | 338.00 | OK | 
Version: 0.33.0
Check: installed package size
Result: NOTE
    installed size is  8.1Mb
    sub-directories of 1Mb or more:
      R      2.0Mb
      libs   5.7Mb
Flavors: r-oldrel-macos-arm64, r-oldrel-macos-x86_64