Last updated on 2025-11-04 03:51:06 CET.
| Flavor | Version | Tinstall | Tcheck | Ttotal | Status | Flags | 
|---|---|---|---|---|---|---|
| r-devel-linux-x86_64-debian-clang | 0.2 | 3.97 | 35.74 | 39.71 | NOTE | |
| r-devel-linux-x86_64-debian-gcc | 0.2 | 2.57 | 27.94 | 30.51 | NOTE | |
| r-devel-linux-x86_64-fedora-clang | 0.2 | 59.72 | OK | |||
| r-devel-linux-x86_64-fedora-gcc | 0.2 | 57.81 | OK | |||
| r-devel-windows-x86_64 | 0.2 | 4.00 | 50.00 | 54.00 | OK | |
| r-patched-linux-x86_64 | 0.2 | 3.94 | 34.18 | 38.12 | OK | |
| r-release-linux-x86_64 | 0.2 | 3.80 | 34.74 | 38.54 | OK | |
| r-release-macos-arm64 | 0.2 | 2.00 | 21.00 | 23.00 | OK | |
| r-release-macos-x86_64 | 0.2 | 4.00 | 34.00 | 38.00 | OK | |
| r-release-windows-x86_64 | 0.2 | 5.00 | 50.00 | 55.00 | OK | |
| r-oldrel-macos-arm64 | 0.2 | 2.00 | 19.00 | 21.00 | OK | |
| r-oldrel-macos-x86_64 | 0.2 | 3.00 | 30.00 | 33.00 | OK | |
| r-oldrel-windows-x86_64 | 0.2 | 6.00 | 62.00 | 68.00 | OK | 
Version: 0.2
Check: CRAN incoming feasibility
Result: NOTE
  Maintainer: ‘Claas-Thido Pfaff <claas-thido.pfaff@idiv-biodiversity.de>’
  
  No Authors@R field in DESCRIPTION.
  Please add one, modifying
    Authors@R: person(given = "Claas-Thido",
                      family = "Pfaff",
                      role = c("aut", "cre"),
                      email = "claas-thido.pfaff@idiv-biodiversity.de")
  as necessary.
Flavors: r-devel-linux-x86_64-debian-clang, r-devel-linux-x86_64-debian-gcc