Last updated on 2025-11-03 03:49:54 CET.
| Flavor | Version | Tinstall | Tcheck | Ttotal | Status | Flags | 
|---|---|---|---|---|---|---|
| r-devel-linux-x86_64-debian-clang | 0.3.8 | 3.19 | 64.33 | 67.52 | NOTE | |
| r-devel-linux-x86_64-debian-gcc | 0.3.8 | 2.42 | 49.82 | 52.24 | NOTE | |
| r-devel-linux-x86_64-fedora-clang | 0.3.8 | 102.87 | NOTE | |||
| r-devel-linux-x86_64-fedora-gcc | 0.3.8 | 15.00 | 109.09 | 124.09 | NOTE | |
| r-devel-windows-x86_64 | 0.3.8 | 9.00 | 80.00 | 89.00 | NOTE | |
| r-patched-linux-x86_64 | 0.3.8 | 3.59 | 62.94 | 66.53 | NOTE | |
| r-release-linux-x86_64 | 0.3.8 | 2.86 | 62.00 | 64.86 | NOTE | |
| r-release-macos-arm64 | 0.3.8 | 3.00 | 57.00 | 60.00 | NOTE | |
| r-release-macos-x86_64 | 0.3.8 | 4.00 | 91.00 | 95.00 | NOTE | |
| r-release-windows-x86_64 | 0.3.8 | 9.00 | 77.00 | 86.00 | NOTE | |
| r-oldrel-macos-arm64 | 0.3.8 | 2.00 | 43.00 | 45.00 | NOTE | |
| r-oldrel-macos-x86_64 | 0.3.8 | 3.00 | 58.00 | 61.00 | NOTE | |
| r-oldrel-windows-x86_64 | 0.3.8 | 12.00 | 101.00 | 113.00 | NOTE | 
Version: 0.3.8
Check: Rd files
Result: NOTE
  checkRd: (-1) rhandsontable-package.Rd:8: Lost braces
       8 | R interface for creating tables using Handsontable, url{https://handsontable.com/}
         |                                                        ^
Flavors: r-devel-linux-x86_64-debian-clang, r-devel-linux-x86_64-debian-gcc, r-devel-linux-x86_64-fedora-clang, r-devel-linux-x86_64-fedora-gcc, r-devel-windows-x86_64, r-patched-linux-x86_64, r-release-linux-x86_64, r-release-macos-arm64, r-release-macos-x86_64, r-release-windows-x86_64, r-oldrel-macos-arm64, r-oldrel-macos-x86_64, r-oldrel-windows-x86_64
Version: 0.3.8
Check: installed package size
Result: NOTE
    installed size is 11.7Mb
    sub-directories of 1Mb or more:
      doc          10.3Mb
      htmlwidgets   1.2Mb
Flavors: r-oldrel-macos-arm64, r-oldrel-macos-x86_64, r-oldrel-windows-x86_64