Last updated on 2025-11-03 03:49:53 CET.
| Flavor | Version | Tinstall | Tcheck | Ttotal | Status | Flags | 
|---|---|---|---|---|---|---|
| r-devel-linux-x86_64-debian-clang | 1.0.0 | 2.15 | 26.63 | 28.78 | NOTE | |
| r-devel-linux-x86_64-debian-gcc | 1.0.0 | 2.15 | 21.11 | 23.26 | NOTE | |
| r-devel-linux-x86_64-fedora-clang | 1.0.0 | 42.08 | OK | |||
| r-devel-linux-x86_64-fedora-gcc | 1.0.0 | 11.00 | 31.47 | 42.47 | OK | |
| r-devel-windows-x86_64 | 1.0.0 | 4.00 | 45.00 | 49.00 | OK | |
| r-patched-linux-x86_64 | 1.0.0 | 2.69 | 25.10 | 27.79 | OK | |
| r-release-linux-x86_64 | 1.0.0 | 2.62 | 25.34 | 27.96 | OK | |
| r-release-macos-arm64 | 1.0.0 | 1.00 | 15.00 | 16.00 | OK | |
| r-release-macos-x86_64 | 1.0.0 | 2.00 | 28.00 | 30.00 | OK | |
| r-release-windows-x86_64 | 1.0.0 | 3.00 | 43.00 | 46.00 | OK | |
| r-oldrel-macos-arm64 | 1.0.0 | 1.00 | 14.00 | 15.00 | OK | |
| r-oldrel-macos-x86_64 | 1.0.0 | 2.00 | 23.00 | 25.00 | OK | |
| r-oldrel-windows-x86_64 | 1.0.0 | 3.00 | 51.00 | 54.00 | OK | 
Version: 1.0.0
Check: CRAN incoming feasibility
Result: NOTE
  Maintainer: ‘Thomas P. Fuller <thomas.fuller@coherentlogic.com>’
  
  No Authors@R field in DESCRIPTION.
  Please add one, modifying
    Authors@R: person(given = c("Thomas", "P."),
                      family = "Fuller",
                      role = c("aut", "cre"),
                      email = "thomas.fuller@coherentlogic.com")
  as necessary.
Flavors: r-devel-linux-x86_64-debian-clang, r-devel-linux-x86_64-debian-gcc