Last updated on 2025-05-22 03:50:48 CEST.
Flavor | Version | Tinstall | Tcheck | Ttotal | Status | Flags |
---|---|---|---|---|---|---|
r-devel-linux-x86_64-debian-clang | 0.2.4 | 274.83 | 236.61 | 511.44 | OK | |
r-devel-linux-x86_64-debian-gcc | 0.2.4 | 231.05 | 252.41 | 483.46 | OK | |
r-devel-linux-x86_64-fedora-clang | 0.2.4 | 729.29 | NOTE | |||
r-devel-linux-x86_64-fedora-gcc | 0.2.4 | 1045.12 | NOTE | |||
r-devel-windows-x86_64 | 0.2.4 | 280.00 | 257.00 | 537.00 | OK | |
r-patched-linux-x86_64 | 0.2.4 | 287.25 | 240.56 | 527.81 | OK | |
r-release-linux-x86_64 | 0.2.4 | 299.81 | 243.07 | 542.88 | OK | |
r-release-macos-arm64 | 0.2.4 | 237.00 | OK | |||
r-release-macos-x86_64 | 0.2.4 | 815.00 | OK | |||
r-release-windows-x86_64 | 0.2.4 | 282.00 | 245.00 | 527.00 | OK | |
r-oldrel-macos-arm64 | 0.2.4 | 114.00 | NOTE | |||
r-oldrel-macos-x86_64 | 0.2.4 | 168.00 | NOTE | |||
r-oldrel-windows-x86_64 | 0.2.4 | 315.00 | 311.00 | 626.00 | NOTE |
Version: 0.2.4
Check: dependencies in R code
Result: NOTE
Namespace in Imports field not imported from: ‘rstantools’
All declared Imports should be used.
Flavors: r-devel-linux-x86_64-fedora-clang, r-devel-linux-x86_64-fedora-gcc
Version: 0.2.4
Check: installed package size
Result: NOTE
installed size is 88.8Mb
sub-directories of 1Mb or more:
libs 87.7Mb
Flavors: r-oldrel-macos-arm64, r-oldrel-macos-x86_64
Version: 0.2.4
Check: for GNU extensions in Makefiles
Result: NOTE
GNU make is a SystemRequirements.
Flavors: r-oldrel-macos-arm64, r-oldrel-macos-x86_64, r-oldrel-windows-x86_64