Last updated on 2025-05-22 03:50:46 CEST.
Flavor | Version | Tinstall | Tcheck | Ttotal | Status | Flags |
---|---|---|---|---|---|---|
r-devel-linux-x86_64-debian-clang | 0.0.15 | 131.06 | 26.20 | 157.26 | OK | |
r-devel-linux-x86_64-debian-gcc | 0.0.15 | 88.43 | 20.18 | 108.61 | OK | |
r-devel-linux-x86_64-fedora-clang | 0.0.15 | 352.50 | OK | |||
r-devel-linux-x86_64-fedora-gcc | 0.0.15 | 330.00 | OK | |||
r-devel-windows-x86_64 | 0.0.15 | 194.00 | 101.00 | 295.00 | OK | |
r-patched-linux-x86_64 | 0.0.15 | 126.89 | 23.74 | 150.63 | OK | |
r-release-linux-x86_64 | 0.0.15 | 127.39 | 23.91 | 151.30 | OK | |
r-release-macos-arm64 | 0.0.15 | 60.00 | OK | |||
r-release-macos-x86_64 | 0.0.15 | 62.00 | OK | |||
r-release-windows-x86_64 | 0.0.15 | 190.00 | 116.00 | 306.00 | OK | |
r-oldrel-macos-arm64 | 0.0.15 | 70.00 | NOTE | |||
r-oldrel-macos-x86_64 | 0.0.15 | 70.00 | NOTE | |||
r-oldrel-windows-x86_64 | 0.0.15 | 149.00 | 87.00 | 236.00 | OK |
Version: 0.0.15
Check: installed package size
Result: NOTE
installed size is 7.7Mb
sub-directories of 1Mb or more:
libs 7.6Mb
Flavors: r-oldrel-macos-arm64, r-oldrel-macos-x86_64