Last updated on 2025-05-22 03:50:45 CEST.
Flavor | Version | Tinstall | Tcheck | Ttotal | Status | Flags |
---|---|---|---|---|---|---|
r-devel-linux-x86_64-debian-clang | 3.0.0 | 46.08 | 149.22 | 195.30 | OK | |
r-devel-linux-x86_64-debian-gcc | 3.0.0 | 37.46 | 100.48 | 137.94 | OK | |
r-devel-linux-x86_64-fedora-clang | 3.0.0 | 317.29 | OK | |||
r-devel-linux-x86_64-fedora-gcc | 3.0.0 | 334.03 | OK | |||
r-devel-windows-x86_64 | 3.0.0 | 53.00 | 294.00 | 347.00 | OK | |
r-patched-linux-x86_64 | 3.0.0 | 50.28 | 137.95 | 188.23 | OK | |
r-release-linux-x86_64 | 3.0.0 | 47.84 | 137.52 | 185.36 | OK | |
r-release-macos-arm64 | 3.0.0 | 82.00 | OK | |||
r-release-macos-x86_64 | 3.0.0 | 168.00 | OK | |||
r-release-windows-x86_64 | 3.0.0 | 52.00 | 254.00 | 306.00 | OK | |
r-oldrel-macos-arm64 | 3.0.0 | 89.00 | NOTE | |||
r-oldrel-macos-x86_64 | 3.0.0 | 136.00 | OK | |||
r-oldrel-windows-x86_64 | 3.0.0 | 66.00 | 250.00 | 316.00 | OK |
Version: 3.0.0
Check: installed package size
Result: NOTE
installed size is 5.6Mb
sub-directories of 1Mb or more:
libs 3.1Mb
Flavor: r-oldrel-macos-arm64