Last updated on 2025-05-22 03:50:44 CEST.
Flavor | Version | Tinstall | Tcheck | Ttotal | Status | Flags |
---|---|---|---|---|---|---|
r-devel-linux-x86_64-debian-clang | 0.4.0 | 41.61 | 28.48 | 70.09 | OK | |
r-devel-linux-x86_64-debian-gcc | 0.4.0 | 31.38 | 23.08 | 54.46 | OK | |
r-devel-linux-x86_64-fedora-clang | 0.4.0 | 133.79 | OK | |||
r-devel-linux-x86_64-fedora-gcc | 0.4.0 | 142.80 | OK | |||
r-devel-windows-x86_64 | 0.4.0 | 90.00 | 107.00 | 197.00 | OK | |
r-patched-linux-x86_64 | 0.4.0 | 42.65 | 27.43 | 70.08 | OK | |
r-release-linux-x86_64 | 0.4.0 | 43.29 | 27.38 | 70.67 | OK | |
r-release-macos-arm64 | 0.4.0 | 42.00 | OK | |||
r-release-macos-x86_64 | 0.4.0 | 56.00 | OK | |||
r-release-windows-x86_64 | 0.4.0 | 92.00 | 132.00 | 224.00 | OK | |
r-oldrel-macos-arm64 | 0.4.0 | 45.00 | NOTE | |||
r-oldrel-macos-x86_64 | 0.4.0 | 64.00 | NOTE | |||
r-oldrel-windows-x86_64 | 0.4.0 | 71.00 | 92.00 | 163.00 | NOTE |
Version: 0.4.0
Check: installed package size
Result: NOTE
installed size is 17.3Mb
sub-directories of 1Mb or more:
include 13.0Mb
libs 4.1Mb
Flavors: r-oldrel-macos-arm64, r-oldrel-macos-x86_64, r-oldrel-windows-x86_64