Last updated on 2025-11-04 03:51:01 CET.
| Flavor | Version | Tinstall | Tcheck | Ttotal | Status | Flags | 
|---|---|---|---|---|---|---|
| r-devel-linux-x86_64-debian-clang | 2.6.0 | 16.71 | 333.01 | 349.72 | OK | |
| r-devel-linux-x86_64-debian-gcc | 2.6.0 | 11.18 | 222.82 | 234.00 | OK | |
| r-devel-linux-x86_64-fedora-clang | 2.6.0 | 37.00 | 491.85 | 528.85 | OK | |
| r-devel-linux-x86_64-fedora-gcc | 2.6.0 | 39.00 | 472.06 | 511.06 | OK | |
| r-devel-windows-x86_64 | 2.6.0 | 20.00 | 339.00 | 359.00 | OK | |
| r-patched-linux-x86_64 | 2.6.0 | 16.34 | 309.07 | 325.41 | OK | |
| r-release-linux-x86_64 | 2.6.0 | 16.03 | 309.37 | 325.40 | OK | |
| r-release-macos-arm64 | 2.6.0 | 6.00 | ERROR | |||
| r-release-macos-x86_64 | 2.6.0 | 17.00 | 239.00 | 256.00 | OK | |
| r-release-windows-x86_64 | 2.6.0 | 19.00 | 328.00 | 347.00 | OK | |
| r-oldrel-macos-arm64 | 2.6.0 | 11.00 | ERROR | |||
| r-oldrel-macos-x86_64 | 2.6.0 | 11.00 | ERROR | |||
| r-oldrel-windows-x86_64 | 2.6.0 | 24.00 | 428.00 | 452.00 | OK | 
Version: 2.6.0
Check: package dependencies
Result: ERROR
  Package required but not available: ‘org.Hs.eg.db’
  
  See section ‘The DESCRIPTION file’ in the ‘Writing R Extensions’
  manual.
Flavor: r-release-macos-arm64
Version: 2.6.0
Check: package dependencies
Result: ERROR
  Package required and available but unsuitable version: ‘ggkegg’
  
  See section ‘The DESCRIPTION file’ in the ‘Writing R Extensions’
  manual.
Flavor: r-oldrel-macos-arm64
Version: 2.6.0
Check: package dependencies
Result: ERROR
  Package required but not available: ‘ggkegg’
  
  See section ‘The DESCRIPTION file’ in the ‘Writing R Extensions’
  manual.
Flavor: r-oldrel-macos-x86_64