Last updated on 2025-05-22 03:50:44 CEST.
Flavor | Version | Tinstall | Tcheck | Ttotal | Status | Flags |
---|---|---|---|---|---|---|
r-devel-linux-x86_64-debian-clang | 0.2.9 | 6.04 | 59.97 | 66.01 | NOTE | |
r-devel-linux-x86_64-debian-gcc | 0.2.9 | 4.30 | 43.97 | 48.27 | NOTE | |
r-devel-linux-x86_64-fedora-clang | 0.2.9 | 97.72 | OK | |||
r-devel-linux-x86_64-fedora-gcc | 0.2.9 | 106.76 | OK | |||
r-devel-windows-x86_64 | 0.2.9 | 8.00 | 92.00 | 100.00 | OK | |
r-patched-linux-x86_64 | 0.2.9 | 5.15 | 53.64 | 58.79 | OK | |
r-release-linux-x86_64 | 0.2.9 | 4.57 | 54.07 | 58.64 | OK | |
r-release-macos-arm64 | 0.2.9 | 52.00 | OK | |||
r-release-macos-x86_64 | 0.2.9 | 75.00 | OK | |||
r-release-windows-x86_64 | 0.2.9 | 8.00 | 111.00 | 119.00 | OK | |
r-oldrel-macos-arm64 | 0.2.9 | 38.00 | OK | |||
r-oldrel-macos-x86_64 | 0.2.9 | 60.00 | OK | |||
r-oldrel-windows-x86_64 | 0.2.9 | 11.00 | 85.00 | 96.00 | OK |
Version: 0.2.9
Check: CRAN incoming feasibility
Result: NOTE
Maintainer: ‘Aaron Wolen <aaron@wolen.com>’
Package CITATION file contains call(s) to old-style citEntry(). Please
use bibentry() instead.
Flavors: r-devel-linux-x86_64-debian-clang, r-devel-linux-x86_64-debian-gcc