Last updated on 2025-11-04 03:51:00 CET.
| Flavor | Version | Tinstall | Tcheck | Ttotal | Status | Flags | 
|---|---|---|---|---|---|---|
| r-devel-linux-x86_64-debian-clang | 1.0-28 | 11.60 | 97.78 | 109.38 | NOTE | |
| r-devel-linux-x86_64-debian-gcc | 1.0-28 | 9.54 | 79.94 | 89.48 | NOTE | |
| r-devel-linux-x86_64-fedora-clang | 1.0-28 | 28.00 | 142.35 | 170.35 | OK | |
| r-devel-linux-x86_64-fedora-gcc | 1.0-28 | 26.00 | 135.68 | 161.68 | OK | |
| r-devel-windows-x86_64 | 1.0-28 | 14.00 | 98.00 | 112.00 | OK | |
| r-patched-linux-x86_64 | 1.0-28 | 13.20 | 91.21 | 104.41 | OK | |
| r-release-linux-x86_64 | 1.0-28 | 12.98 | 91.63 | 104.61 | OK | |
| r-release-macos-arm64 | 1.0-28 | 11.00 | 57.00 | 68.00 | OK | |
| r-release-macos-x86_64 | 1.0-28 | 12.00 | 79.00 | 91.00 | OK | |
| r-release-windows-x86_64 | 1.0-28 | 12.00 | 97.00 | 109.00 | OK | |
| r-oldrel-macos-arm64 | 1.0-28 | 10.00 | 58.00 | 68.00 | OK | |
| r-oldrel-macos-x86_64 | 1.0-28 | 10.00 | 65.00 | 75.00 | OK | |
| r-oldrel-windows-x86_64 | 1.0-28 | 17.00 | 120.00 | 137.00 | OK | 
Version: 1.0-28
Check: CRAN incoming feasibility
Result: NOTE
  Maintainer: ‘Mizanur Khondoker <mizanur.khondoker@gmail.com>’
  
  No Authors@R field in DESCRIPTION.
  Please add one, modifying
    Authors@R: person(given = "Mizanur",
                      family = "Khondoker",
                      role = c("aut", "cre"),
                      email = "mizanur.khondoker@gmail.com")
  as necessary.
Flavors: r-devel-linux-x86_64-debian-clang, r-devel-linux-x86_64-debian-gcc