Last updated on 2025-11-04 03:50:57 CET.
| Flavor | Version | Tinstall | Tcheck | Ttotal | Status | Flags | 
|---|---|---|---|---|---|---|
| r-devel-linux-x86_64-debian-clang | 0.3.1 | 12.40 | 126.53 | 138.93 | OK | |
| r-devel-linux-x86_64-debian-gcc | 0.3.1 | 9.80 | 92.44 | 102.24 | OK | |
| r-devel-linux-x86_64-fedora-clang | 0.3.1 | 67.00 | 153.80 | 220.80 | OK | |
| r-devel-linux-x86_64-fedora-gcc | 0.3.1 | 28.00 | 171.58 | 199.58 | OK | |
| r-devel-windows-x86_64 | 0.3.1 | 17.00 | 114.00 | 131.00 | OK | |
| r-patched-linux-x86_64 | 0.3.1 | 11.91 | 115.27 | 127.18 | OK | |
| r-release-linux-x86_64 | 0.3.1 | 12.16 | 118.33 | 130.49 | OK | |
| r-release-macos-arm64 | 0.3.1 | 6.00 | 50.00 | 56.00 | OK | |
| r-release-macos-x86_64 | 0.3.1 | 22.00 | 102.00 | 124.00 | OK | |
| r-release-windows-x86_64 | 0.3.1 | 15.00 | 111.00 | 126.00 | OK | |
| r-oldrel-macos-arm64 | 0.3.1 | 6.00 | 47.00 | 53.00 | NOTE | |
| r-oldrel-macos-x86_64 | 0.3.1 | 9.00 | 82.00 | 91.00 | NOTE | |
| r-oldrel-windows-x86_64 | 0.3.1 | 20.00 | 148.00 | 168.00 | NOTE | 
Version: 0.3.1
Check: package dependencies
Result: NOTE
  Package suggested but not available for checking: ‘mlr3proba’
Flavors: r-oldrel-macos-arm64, r-oldrel-macos-x86_64, r-oldrel-windows-x86_64