Last updated on 2025-05-22 03:50:39 CEST.
Flavor | Version | Tinstall | Tcheck | Ttotal | Status | Flags |
---|---|---|---|---|---|---|
r-devel-linux-x86_64-debian-clang | 1.0 | 5.40 | 43.57 | 48.97 | NOTE | |
r-devel-linux-x86_64-debian-gcc | 1.0 | 3.28 | 32.78 | 36.06 | NOTE | |
r-devel-linux-x86_64-fedora-clang | 1.0 | 76.92 | OK | |||
r-devel-linux-x86_64-fedora-gcc | 1.0 | 87.14 | OK | |||
r-devel-windows-x86_64 | 1.0 | 6.00 | 89.00 | 95.00 | OK | |
r-patched-linux-x86_64 | 1.0 | 4.99 | 40.50 | 45.49 | OK | |
r-release-linux-x86_64 | 1.0 | 4.44 | 40.83 | 45.27 | OK | |
r-release-macos-arm64 | 1.0 | 33.00 | OK | |||
r-release-macos-x86_64 | 1.0 | 69.00 | OK | |||
r-release-windows-x86_64 | 1.0 | 7.00 | 114.00 | 121.00 | OK | |
r-oldrel-macos-arm64 | 1.0 | 31.00 | OK | |||
r-oldrel-macos-x86_64 | 1.0 | 63.00 | OK | |||
r-oldrel-windows-x86_64 | 1.0 | 7.00 | 82.00 | 89.00 | OK |
Version: 1.0
Check: CRAN incoming feasibility
Result: NOTE
Maintainer: ‘Kilem L. Gwet <gwet@agreestat.com>’
No Authors@R field in DESCRIPTION.
Please add one, modifying
Authors@R: c(person(given = c("Kilem", "L."),
family = "Gwet",
role = c("aut", "cre"),
email = "gwet@agreestat.com"),
person(family = "Ph.D.",
role = "aut"))
as necessary.
Flavors: r-devel-linux-x86_64-debian-clang, r-devel-linux-x86_64-debian-gcc