Last updated on 2025-11-03 03:49:44 CET.
| Flavor | Version | Tinstall | Tcheck | Ttotal | Status | Flags |
|---|---|---|---|---|---|---|
| r-devel-linux-x86_64-debian-clang | 1.0.3 | 85.33 | 68.98 | 154.31 | OK | |
| r-devel-linux-x86_64-debian-gcc | 1.0.3 | 66.67 | 49.29 | 115.96 | OK | |
| r-devel-linux-x86_64-fedora-clang | 1.0.3 | 185.00 | 97.95 | 282.95 | OK | |
| r-devel-linux-x86_64-fedora-gcc | 1.0.3 | 177.00 | 106.13 | 283.13 | OK | |
| r-devel-windows-x86_64 | 1.0.3 | 114.00 | 106.00 | 220.00 | OK | |
| r-patched-linux-x86_64 | 1.0.3 | 95.52 | 64.75 | 160.27 | OK | |
| r-release-linux-x86_64 | 1.0.3 | 92.51 | 64.65 | 157.16 | OK | |
| r-release-macos-arm64 | 1.0.3 | 33.00 | 54.00 | 87.00 | OK | |
| r-release-macos-x86_64 | 1.0.3 | 31.00 | 79.00 | 110.00 | OK | |
| r-release-windows-x86_64 | 1.0.3 | 113.00 | 105.00 | 218.00 | OK | |
| r-oldrel-macos-arm64 | 1.0.3 | 34.00 | 60.00 | 94.00 | NOTE | |
| r-oldrel-macos-x86_64 | 1.0.3 | 37.00 | 89.00 | 126.00 | NOTE | |
| r-oldrel-windows-x86_64 | 1.0.3 | 133.00 | 135.00 | 268.00 | OK |
Version: 1.0.3
Check: installed package size
Result: NOTE
installed size is 7.3Mb
sub-directories of 1Mb or more:
libs 6.9Mb
Flavors: r-oldrel-macos-arm64, r-oldrel-macos-x86_64