Last updated on 2025-11-06 03:48:40 CET.
| Flavor | Version | Tinstall | Tcheck | Ttotal | Status | Flags |
|---|---|---|---|---|---|---|
| r-devel-linux-x86_64-debian-clang | 1.1.1 | 186.72 | 262.14 | 448.86 | OK | |
| r-devel-linux-x86_64-debian-gcc | 1.1.1 | 176.66 | 172.64 | 349.30 | OK | |
| r-devel-linux-x86_64-fedora-clang | 1.1.2 | 1260.00 | -519.77 | 740.23 | OK | |
| r-devel-linux-x86_64-fedora-gcc | 1.1.2 | 469.00 | 382.09 | 851.09 | OK | |
| r-devel-windows-x86_64 | 1.1.1 | 197.00 | 246.00 | 443.00 | OK | |
| r-patched-linux-x86_64 | 1.1.1 | 226.97 | 252.50 | 479.47 | OK | |
| r-release-linux-x86_64 | 1.1.1 | 230.14 | 253.77 | 483.91 | OK | |
| r-release-macos-arm64 | 1.1.2 | 115.00 | 199.00 | 314.00 | OK | |
| r-release-macos-x86_64 | 1.1.2 | 381.00 | 223.00 | 604.00 | OK | |
| r-release-windows-x86_64 | 1.1.1 | 205.00 | 241.00 | 446.00 | OK | |
| r-oldrel-macos-arm64 | 1.1.2 | 99.00 | 119.00 | 218.00 | NOTE | |
| r-oldrel-macos-x86_64 | 1.1.2 | 338.00 | 239.00 | 577.00 | NOTE | |
| r-oldrel-windows-x86_64 | 1.1.1 | 253.00 | 336.00 | 589.00 | NOTE |
Version: 1.1.2
Check: installed package size
Result: NOTE
installed size is 101.9Mb
sub-directories of 1Mb or more:
libs 100.3Mb
Flavors: r-oldrel-macos-arm64, r-oldrel-macos-x86_64
Version: 1.1.1
Check: installed package size
Result: NOTE
installed size is 15.2Mb
sub-directories of 1Mb or more:
libs 13.8Mb
Flavor: r-oldrel-windows-x86_64