Last updated on 2025-11-04 03:50:50 CET.
| Flavor | Version | Tinstall | Tcheck | Ttotal | Status | Flags | 
|---|---|---|---|---|---|---|
| r-devel-linux-x86_64-debian-clang | 0.1.0 | 8.43 | 86.93 | 95.36 | NOTE | |
| r-devel-linux-x86_64-debian-gcc | 0.1.0 | 6.40 | 61.56 | 67.96 | NOTE | |
| r-devel-linux-x86_64-fedora-clang | 0.1.0 | 36.00 | 121.73 | 157.73 | NOTE | |
| r-devel-linux-x86_64-fedora-gcc | 0.1.0 | 17.00 | 123.28 | 140.28 | NOTE | |
| r-devel-windows-x86_64 | 0.1.0 | 11.00 | 95.00 | 106.00 | NOTE | |
| r-patched-linux-x86_64 | 0.1.0 | 8.86 | 80.04 | 88.90 | NOTE | |
| r-release-linux-x86_64 | 0.1.0 | 8.75 | 80.67 | 89.42 | NOTE | |
| r-release-macos-arm64 | 0.1.0 | 3.00 | 32.00 | 35.00 | NOTE | |
| r-release-macos-x86_64 | 0.1.0 | 7.00 | 62.00 | 69.00 | NOTE | |
| r-release-windows-x86_64 | 0.1.0 | 11.00 | 94.00 | 105.00 | NOTE | |
| r-oldrel-macos-arm64 | 0.1.0 | 4.00 | 33.00 | 37.00 | OK | |
| r-oldrel-macos-x86_64 | 0.1.0 | 8.00 | 83.00 | 91.00 | OK | |
| r-oldrel-windows-x86_64 | 0.1.0 | 17.00 | 121.00 | 138.00 | OK | 
Version: 0.1.0
Check: DESCRIPTION meta-information
Result: NOTE
    Missing dependency on R >= 4.1.0 because package code uses the pipe
    |> or function shorthand \(...) syntax added in R 4.1.0.
    File(s) using such syntax:
      ‘calc-squintability.R’ ‘get.R’ ‘pipe-sine-boa.Rd’ ‘plot-projection.R’
      ‘projection.Rd’
Flavors: r-devel-linux-x86_64-debian-clang, r-devel-linux-x86_64-debian-gcc, r-devel-linux-x86_64-fedora-clang, r-devel-linux-x86_64-fedora-gcc, r-devel-windows-x86_64, r-patched-linux-x86_64, r-release-linux-x86_64, r-release-macos-arm64, r-release-windows-x86_64
Version: 0.1.0
Check: DESCRIPTION meta-information
Result: NOTE
    Missing dependency on R >= 4.1.0 because package code uses the pipe
    |> or function shorthand \(...) syntax added in R 4.1.0.
    File(s) using such syntax:
      ‘calc-squintability.R’ ‘get.R’ ‘plot-projection.R’
Flavor: r-release-macos-x86_64