CRAN Package Check Results for Package csvy

Last updated on 2025-11-06 03:48:34 CET.

Flavor Version Tinstall Tcheck Ttotal Status Flags
r-devel-linux-x86_64-debian-clang 0.3.0 2.38 26.86 29.24 NOTE
r-devel-linux-x86_64-debian-gcc 0.3.0 1.73 22.57 24.30 NOTE
r-devel-linux-x86_64-fedora-clang 0.3.0 40.94 OK
r-devel-linux-x86_64-fedora-gcc 0.3.0 41.04 OK
r-devel-windows-x86_64 0.3.0 4.00 44.00 48.00 OK
r-patched-linux-x86_64 0.3.0 2.39 24.50 26.89 OK
r-release-linux-x86_64 0.3.0 2.36 24.33 26.69 OK
r-release-macos-arm64 0.3.0 1.00 17.00 18.00 OK
r-release-macos-x86_64 0.3.0 2.00 25.00 27.00 OK
r-release-windows-x86_64 0.3.0 3.00 42.00 45.00 OK
r-oldrel-macos-arm64 0.3.0 1.00 17.00 18.00 OK
r-oldrel-macos-x86_64 0.3.0 2.00 24.00 26.00 OK
r-oldrel-windows-x86_64 0.3.0 5.00 52.00 57.00 OK

Check Details

Version: 0.3.0
Check: CRAN incoming feasibility
Result: NOTE Maintainer: ‘Thomas J. Leeper <thosjleeper@gmail.com>’ Package CITATION file contains call(s) to old-style personList() or as.personList(). Please use c() on person objects instead. Package CITATION file contains call(s) to old-style citEntry(). Please use bibentry() instead. Flavors: r-devel-linux-x86_64-debian-clang, r-devel-linux-x86_64-debian-gcc