Last updated on 2025-11-12 03:50:11 CET.
| Flavor | Version | Tinstall | Tcheck | Ttotal | Status | Flags |
|---|---|---|---|---|---|---|
| r-devel-linux-x86_64-debian-clang | 0.9.0 | 3.33 | 41.99 | 45.32 | OK | |
| r-devel-linux-x86_64-debian-gcc | 0.9.0 | 2.52 | 31.06 | 33.58 | OK | |
| r-devel-linux-x86_64-fedora-clang | 0.9.0 | 61.58 | NOTE | |||
| r-devel-linux-x86_64-fedora-gcc | 0.9.0 | 57.98 | NOTE | |||
| r-devel-windows-x86_64 | 0.9.0 | 6.00 | 57.00 | 63.00 | OK | |
| r-patched-linux-x86_64 | 0.9.0 | 3.79 | 36.41 | 40.20 | OK | |
| r-release-linux-x86_64 | 0.9.0 | 3.49 | 36.24 | 39.73 | OK | |
| r-release-macos-arm64 | 0.9.0 | 2.00 | 21.00 | 23.00 | OK | |
| r-release-macos-x86_64 | 0.9.0 | 3.00 | 36.00 | 39.00 | OK | |
| r-release-windows-x86_64 | 0.9.0 | 8.00 | 55.00 | 63.00 | OK | |
| r-oldrel-macos-arm64 | 0.9.0 | 2.00 | 22.00 | 24.00 | OK | |
| r-oldrel-macos-x86_64 | 0.9.0 | 3.00 | 39.00 | 42.00 | OK | |
| r-oldrel-windows-x86_64 | 0.9.0 | 8.00 | 67.00 | 75.00 | OK |
Version: 0.9.0
Check: dependencies in R code
Result: NOTE
Namespaces in Imports field not imported from:
‘RColorBrewer’ ‘ggplot2’ ‘re2’ ‘rmarkdown’ ‘shinyWidgets’
‘shinydashboard’ ‘shinyjs’
All declared Imports should be used.
Flavors: r-devel-linux-x86_64-fedora-clang, r-devel-linux-x86_64-fedora-gcc