Last updated on 2025-05-22 03:50:32 CEST.
Flavor | Version | Tinstall | Tcheck | Ttotal | Status | Flags |
---|---|---|---|---|---|---|
r-devel-linux-x86_64-debian-clang | 0.0.5 | 28.55 | 25.03 | 53.58 | OK | |
r-devel-linux-x86_64-debian-gcc | 0.0.5 | 19.62 | 20.53 | 40.15 | OK | |
r-devel-linux-x86_64-fedora-clang | 0.0.5 | 102.34 | OK | |||
r-devel-linux-x86_64-fedora-gcc | 0.0.5 | 96.29 | OK | |||
r-devel-windows-x86_64 | 0.0.5 | 51.00 | 81.00 | 132.00 | OK | |
r-patched-linux-x86_64 | 0.0.5 | 26.48 | 22.90 | 49.38 | OK | |
r-release-linux-x86_64 | 0.0.5 | 26.70 | 23.09 | 49.79 | OK | |
r-release-macos-arm64 | 0.0.5 | 37.00 | OK | |||
r-release-macos-x86_64 | 0.0.5 | 57.00 | OK | |||
r-release-windows-x86_64 | 0.0.5 | 49.00 | 98.00 | 147.00 | OK | |
r-oldrel-macos-arm64 | 0.0.5 | 39.00 | NOTE | |||
r-oldrel-macos-x86_64 | 0.0.5 | 73.00 | NOTE | |||
r-oldrel-windows-x86_64 | 0.0.5 | 44.00 | 75.00 | 119.00 | OK |
Version: 0.0.5
Check: installed package size
Result: NOTE
installed size is 5.6Mb
sub-directories of 1Mb or more:
libs 2.8Mb
sample_data 2.6Mb
Flavors: r-oldrel-macos-arm64, r-oldrel-macos-x86_64