Last updated on 2025-05-22 03:50:32 CEST.
Flavor | Version | Tinstall | Tcheck | Ttotal | Status | Flags |
---|---|---|---|---|---|---|
r-devel-linux-x86_64-debian-clang | 1.6.1 | 52.42 | 22.56 | 74.98 | OK | |
r-devel-linux-x86_64-debian-gcc | 1.6.1 | 38.22 | 18.08 | 56.30 | OK | |
r-devel-linux-x86_64-fedora-clang | 1.6.1 | 176.51 | OK | |||
r-devel-linux-x86_64-fedora-gcc | 1.6.1 | 154.95 | OK | |||
r-devel-windows-x86_64 | 1.6.1 | 67.00 | 81.00 | 148.00 | OK | |
r-patched-linux-x86_64 | 1.6.1 | 49.48 | 21.54 | 71.02 | OK | |
r-release-linux-x86_64 | 1.6.1 | 51.69 | 21.49 | 73.18 | OK | |
r-release-macos-arm64 | 1.6.1 | 41.00 | OK | |||
r-release-macos-x86_64 | 1.6.1 | 67.00 | OK | |||
r-release-windows-x86_64 | 1.6.1 | 70.00 | 100.00 | 170.00 | OK | |
r-oldrel-macos-arm64 | 1.6.1 | 39.00 | NOTE | |||
r-oldrel-macos-x86_64 | 1.6.1 | 56.00 | NOTE | |||
r-oldrel-windows-x86_64 | 1.6.1 | 60.00 | 82.00 | 142.00 | OK |
Version: 1.6.1
Check: installed package size
Result: NOTE
installed size is 9.4Mb
sub-directories of 1Mb or more:
libs 9.3Mb
Flavors: r-oldrel-macos-arm64, r-oldrel-macos-x86_64