Last updated on 2025-05-22 03:50:31 CEST.
Flavor | Version | Tinstall | Tcheck | Ttotal | Status | Flags |
---|---|---|---|---|---|---|
r-devel-linux-x86_64-debian-clang | 1.4.3 | 8.16 | 73.42 | 81.58 | NOTE | |
r-devel-linux-x86_64-debian-gcc | 1.4.3 | 5.45 | 51.66 | 57.11 | NOTE | |
r-devel-linux-x86_64-fedora-clang | 1.4.3 | 118.88 | OK | |||
r-devel-linux-x86_64-fedora-gcc | 1.4.3 | 107.53 | OK | |||
r-devel-windows-x86_64 | 1.4.3 | 10.00 | 107.00 | 117.00 | OK | |
r-patched-linux-x86_64 | 1.4.3 | 7.81 | 63.16 | 70.97 | OK | |
r-release-linux-x86_64 | 1.4.3 | 7.06 | 62.76 | 69.82 | OK | |
r-release-macos-arm64 | 1.4.3 | 38.00 | OK | |||
r-release-macos-x86_64 | 1.4.3 | 68.00 | OK | |||
r-release-windows-x86_64 | 1.4.3 | 9.00 | 115.00 | 124.00 | OK | |
r-oldrel-macos-arm64 | 1.4.3 | 35.00 | OK | |||
r-oldrel-macos-x86_64 | 1.4.3 | 53.00 | OK | |||
r-oldrel-windows-x86_64 | 1.4.3 | 10.00 | 94.00 | 104.00 | OK |
Version: 1.4.3
Check: CRAN incoming feasibility
Result: NOTE
Maintainer: ‘Juraj Szitas <szitas.juraj13@gmail.com>’
The Description field contains
Hadad, Athey, Wager (2019) <arXiv:1908.09874>, particularly their mean,
Please refer to arXiv e-prints via their arXiv DOI <doi:10.48550/arXiv.YYMM.NNNNN>.
Flavors: r-devel-linux-x86_64-debian-clang, r-devel-linux-x86_64-debian-gcc