Last updated on 2025-05-22 03:50:31 CEST.
Flavor | Version | Tinstall | Tcheck | Ttotal | Status | Flags |
---|---|---|---|---|---|---|
r-devel-linux-x86_64-debian-clang | 1.0.8 | 97.13 | 33.41 | 130.54 | NOTE | |
r-devel-linux-x86_64-debian-gcc | 1.0.8 | 63.28 | 24.76 | 88.04 | NOTE | |
r-devel-linux-x86_64-fedora-clang | 1.0.8 | 246.52 | OK | |||
r-devel-linux-x86_64-fedora-gcc | 1.0.8 | 245.41 | OK | |||
r-devel-windows-x86_64 | 1.0.8 | 102.00 | 105.00 | 207.00 | OK | |
r-patched-linux-x86_64 | 1.0.8 | 92.22 | 32.19 | 124.41 | OK | |
r-release-linux-x86_64 | 1.0.8 | 92.74 | 32.08 | 124.82 | OK | |
r-release-macos-arm64 | 1.0.8 | 52.00 | OK | |||
r-release-macos-x86_64 | 1.0.8 | 63.00 | OK | |||
r-release-windows-x86_64 | 1.0.8 | 102.00 | 121.00 | 223.00 | OK | |
r-oldrel-macos-arm64 | 1.0.8 | 50.00 | OK | |||
r-oldrel-macos-x86_64 | 1.0.8 | 60.00 | OK | |||
r-oldrel-windows-x86_64 | 1.0.8 | 117.00 | 93.00 | 210.00 | OK |
Version: 1.0.8
Check: CRAN incoming feasibility
Result: NOTE
Maintainer: ‘Laura D'Angelo <laura.dangelo@live.com>’
No Authors@R field in DESCRIPTION.
Please add one, modifying
Authors@R: person(given = "Laura",
family = "D'Angelo",
role = c("aut", "cre"),
email = "laura.dangelo@live.com")
as necessary.
Flavors: r-devel-linux-x86_64-debian-clang, r-devel-linux-x86_64-debian-gcc