Last updated on 2025-11-04 03:50:45 CET.
| Flavor | Version | Tinstall | Tcheck | Ttotal | Status | Flags | 
|---|---|---|---|---|---|---|
| r-devel-linux-x86_64-debian-clang | 1.1 | 3.90 | 34.59 | 38.49 | NOTE | |
| r-devel-linux-x86_64-debian-gcc | 1.1 | 3.23 | 26.64 | 29.87 | NOTE | |
| r-devel-linux-x86_64-fedora-clang | 1.1 | 13.00 | 47.04 | 60.04 | OK | |
| r-devel-linux-x86_64-fedora-gcc | 1.1 | 18.00 | 37.59 | 55.59 | OK | |
| r-devel-windows-x86_64 | 1.1 | 7.00 | 54.00 | 61.00 | OK | |
| r-patched-linux-x86_64 | 1.1 | 3.57 | 33.27 | 36.84 | OK | |
| r-release-linux-x86_64 | 1.1 | 3.41 | 33.37 | 36.78 | OK | |
| r-release-macos-arm64 | 1.1 | 5.00 | 24.00 | 29.00 | OK | |
| r-release-macos-x86_64 | 1.1 | 6.00 | 40.00 | 46.00 | OK | |
| r-release-windows-x86_64 | 1.1 | 8.00 | 53.00 | 61.00 | OK | |
| r-oldrel-macos-arm64 | 1.1 | 4.00 | 20.00 | 24.00 | OK | |
| r-oldrel-macos-x86_64 | 1.1 | 5.00 | 33.00 | 38.00 | OK | |
| r-oldrel-windows-x86_64 | 1.1 | 9.00 | 64.00 | 73.00 | OK | 
Version: 1.1
Check: CRAN incoming feasibility
Result: NOTE
  Maintainer: ‘Gabriel Martos <gmartos@utdt.edu>’
  
  Package CITATION file contains call(s) to old-style personList() or
  as.personList().  Please use c() on person objects instead.
  Package CITATION file contains call(s) to old-style citEntry().  Please
  use bibentry() instead.
  
  Found the following \keyword or \concept entries
  which likely give several index terms:
    File ‘entropy.fd.Rd’:
      \keyword{rkhs, Entropy}
Flavors: r-devel-linux-x86_64-debian-clang, r-devel-linux-x86_64-debian-gcc