Last updated on 2025-05-22 03:50:29 CEST.
Flavor | Version | Tinstall | Tcheck | Ttotal | Status | Flags |
---|---|---|---|---|---|---|
r-devel-linux-x86_64-debian-clang | 0.1.0 | 7.83 | 113.12 | 120.95 | NOTE | |
r-devel-linux-x86_64-debian-gcc | 0.1.0 | 6.45 | 91.92 | 98.37 | NOTE | |
r-devel-linux-x86_64-fedora-clang | 0.1.0 | 161.29 | OK | |||
r-devel-linux-x86_64-fedora-gcc | 0.1.0 | 145.90 | OK | |||
r-devel-windows-x86_64 | 0.1.0 | 9.00 | 107.00 | 116.00 | NOTE | |
r-patched-linux-x86_64 | 0.1.0 | 7.21 | 94.28 | 101.49 | NOTE | |
r-release-linux-x86_64 | 0.1.0 | 7.54 | 94.87 | 102.41 | NOTE | |
r-release-macos-arm64 | 0.1.0 | 49.00 | OK | |||
r-release-macos-x86_64 | 0.1.0 | 90.00 | OK | |||
r-release-windows-x86_64 | 0.1.0 | 9.00 | 116.00 | 125.00 | NOTE | |
r-oldrel-macos-arm64 | 0.1.0 | 41.00 | OK | |||
r-oldrel-macos-x86_64 | 0.1.0 | 65.00 | OK | |||
r-oldrel-windows-x86_64 | 0.1.0 | 11.00 | 109.00 | 120.00 | OK |
Version: 0.1.0
Check: Rd cross-references
Result: NOTE
Found the following Rd file(s) with Rd \link{} targets missing package
anchors:
addNoiseAtEventTimes.Rd: data.table
makeContWeights.Rd: data.table
weightPredict.Rd: data.table
Please provide package anchors for all Rd \link{} targets not in the
package itself and the base packages.
Flavors: r-devel-linux-x86_64-debian-clang, r-devel-linux-x86_64-debian-gcc, r-devel-windows-x86_64, r-patched-linux-x86_64, r-release-linux-x86_64, r-release-windows-x86_64