Last updated on 2025-11-04 03:51:10 CET.
| Flavor | Version | Tinstall | Tcheck | Ttotal | Status | Flags | 
|---|---|---|---|---|---|---|
| r-devel-linux-x86_64-debian-clang | 0.1.2 | 1.64 | 22.77 | 24.41 | NOTE | |
| r-devel-linux-x86_64-debian-gcc | 0.1.2 | 1.36 | 18.58 | 19.94 | NOTE | |
| r-devel-linux-x86_64-fedora-clang | 0.1.2 | 37.54 | OK | |||
| r-devel-linux-x86_64-fedora-gcc | 0.1.2 | 50.05 | OK | |||
| r-devel-windows-x86_64 | 0.1.2 | 4.00 | 108.00 | 112.00 | OK | |
| r-patched-linux-x86_64 | 0.1.2 | 1.75 | 21.79 | 23.54 | OK | |
| r-release-linux-x86_64 | 0.1.2 | 1.59 | 21.61 | 23.20 | OK | |
| r-release-macos-arm64 | 0.1.2 | 1.00 | 21.00 | 22.00 | OK | |
| r-release-macos-x86_64 | 0.1.2 | 1.00 | 38.00 | 39.00 | OK | |
| r-release-windows-x86_64 | 0.1.2 | 3.00 | 134.00 | 137.00 | OK | |
| r-oldrel-macos-arm64 | 0.1.2 | 1.00 | 20.00 | 21.00 | OK | |
| r-oldrel-macos-x86_64 | 0.1.2 | 1.00 | 29.00 | 30.00 | OK | |
| r-oldrel-windows-x86_64 | 0.1.2 | 3.00 | 47.00 | 50.00 | OK | 
Version: 0.1.2
Check: CRAN incoming feasibility
Result: NOTE
  Maintainer: ‘Alon Kipnis <kipnisal@stanford.edu>’
  
  No Authors@R field in DESCRIPTION.
  Please add one, modifying
    Authors@R: person(given = "Alon",
                      family = "Kipnis",
                      role = c("aut", "cre"),
                      email = "kipnisal@stanford.edu")
  as necessary.
  
  The Description field contains
    frequency tables described in Kipnis (2019) <arXiv:1911.01208>.
  Please refer to arXiv e-prints via their arXiv DOI <doi:10.48550/arXiv.YYMM.NNNNN>.
Flavors: r-devel-linux-x86_64-debian-clang, r-devel-linux-x86_64-debian-gcc