Last updated on 2025-05-22 03:50:51 CEST.
Flavor | Version | Tinstall | Tcheck | Ttotal | Status | Flags |
---|---|---|---|---|---|---|
r-devel-linux-x86_64-debian-clang | 1.0.0 | 28.84 | 26.98 | 55.82 | NOTE | |
r-devel-linux-x86_64-debian-gcc | 1.0.0 | 19.81 | 21.08 | 40.89 | NOTE | |
r-devel-linux-x86_64-fedora-clang | 1.0.0 | 95.12 | OK | |||
r-devel-linux-x86_64-fedora-gcc | 1.0.0 | 93.95 | OK | |||
r-devel-windows-x86_64 | 1.0.0 | 26.00 | 71.00 | 97.00 | OK | |
r-patched-linux-x86_64 | 1.0.0 | 25.60 | 25.96 | 51.56 | OK | |
r-release-linux-x86_64 | 1.0.0 | 26.56 | 25.70 | 52.26 | OK | |
r-release-macos-arm64 | 1.0.0 | 34.00 | OK | |||
r-release-macos-x86_64 | 1.0.0 | 62.00 | OK | |||
r-release-windows-x86_64 | 1.0.0 | 28.00 | 81.00 | 109.00 | OK | |
r-oldrel-macos-arm64 | 1.0.0 | 26.00 | OK | |||
r-oldrel-macos-x86_64 | 1.0.0 | 47.00 | OK | |||
r-oldrel-windows-x86_64 | 1.0.0 | 24.00 | 76.00 | 100.00 | OK |
Version: 1.0.0
Check: CRAN incoming feasibility
Result: NOTE
Maintainer: ‘Rong Zhang <roz16@pitt.edu>’
No Authors@R field in DESCRIPTION.
Please add one, modifying
Authors@R: c(person(given = "Rong",
family = "Zhang",
role = c("aut", "cre"),
email = "roz16@pitt.edu"),
person(given = "Zhao",
family = "Ren",
role = "aut"),
person(given = "Wei",
family = "Chen",
role = "aut"))
as necessary.
Flavors: r-devel-linux-x86_64-debian-clang, r-devel-linux-x86_64-debian-gcc