Last updated on 2025-05-22 03:50:45 CEST.
Flavor | Version | Tinstall | Tcheck | Ttotal | Status | Flags |
---|---|---|---|---|---|---|
r-devel-linux-x86_64-debian-clang | 1.0.3 | 9.37 | 21.13 | 30.50 | NOTE | |
r-devel-linux-x86_64-debian-gcc | 1.0.3 | 6.11 | 17.10 | 23.21 | NOTE | |
r-devel-linux-x86_64-fedora-clang | 1.0.3 | 56.44 | NOTE | |||
r-devel-linux-x86_64-fedora-gcc | 1.0.3 | 49.04 | NOTE | |||
r-devel-windows-x86_64 | 1.0.3 | 11.00 | 84.00 | 95.00 | NOTE | |
r-patched-linux-x86_64 | 1.0.3 | 8.48 | 20.59 | 29.07 | NOTE | |
r-release-linux-x86_64 | 1.0.3 | 7.90 | 20.56 | 28.46 | NOTE | |
r-release-macos-arm64 | 1.0.3 | 21.00 | NOTE | |||
r-release-macos-x86_64 | 1.0.3 | 31.00 | NOTE | |||
r-release-windows-x86_64 | 1.0.3 | 12.00 | 89.00 | 101.00 | NOTE | |
r-oldrel-macos-arm64 | 1.0.3 | 21.00 | NOTE | |||
r-oldrel-macos-x86_64 | 1.0.3 | 40.00 | NOTE | |||
r-oldrel-windows-x86_64 | 1.0.3 | 12.00 | 71.00 | 83.00 | NOTE |
Version: 1.0.3
Check: C++ specification
Result: NOTE
Specified C++11: please drop specification unless essential
Flavors: r-devel-linux-x86_64-debian-clang, r-devel-linux-x86_64-debian-gcc, r-devel-linux-x86_64-fedora-clang, r-devel-linux-x86_64-fedora-gcc, r-devel-windows-x86_64, r-patched-linux-x86_64, r-release-linux-x86_64, r-release-macos-arm64, r-release-macos-x86_64, r-release-windows-x86_64, r-oldrel-macos-arm64, r-oldrel-macos-x86_64, r-oldrel-windows-x86_64
Version: 1.0.3
Check: LazyData
Result: NOTE
'LazyData' is specified without a 'data' directory
Flavors: r-oldrel-macos-arm64, r-oldrel-macos-x86_64, r-oldrel-windows-x86_64