Last updated on 2025-11-04 03:51:03 CET.
| Flavor | Version | Tinstall | Tcheck | Ttotal | Status | Flags | 
|---|---|---|---|---|---|---|
| r-devel-linux-x86_64-debian-clang | 0.5 | 2.08 | 47.43 | 49.51 | NOTE | |
| r-devel-linux-x86_64-debian-gcc | 0.5 | 1.60 | 32.90 | 34.50 | NOTE | |
| r-devel-linux-x86_64-fedora-clang | 0.5 | 74.41 | OK | |||
| r-devel-linux-x86_64-fedora-gcc | 0.5 | 86.54 | OK | |||
| r-devel-windows-x86_64 | 0.5 | 4.00 | 60.00 | 64.00 | OK | |
| r-patched-linux-x86_64 | 0.5 | 2.23 | 42.77 | 45.00 | OK | |
| r-release-linux-x86_64 | 0.5 | 1.92 | 43.13 | 45.05 | OK | |
| r-release-macos-arm64 | 0.5 | 1.00 | 31.00 | 32.00 | OK | |
| r-release-macos-x86_64 | 0.5 | 2.00 | 55.00 | 57.00 | OK | |
| r-release-windows-x86_64 | 0.5 | 3.00 | 58.00 | 61.00 | OK | |
| r-oldrel-macos-arm64 | 0.5 | 1.00 | 28.00 | 29.00 | OK | |
| r-oldrel-macos-x86_64 | 0.5 | 2.00 | 45.00 | 47.00 | OK | |
| r-oldrel-windows-x86_64 | 0.5 | 4.00 | 72.00 | 76.00 | OK | 
Version: 0.5
Check: CRAN incoming feasibility
Result: NOTE
  Maintainer: ‘Neeraj Bokde <neerajdhanraj@gmail.com>’
  
  No Authors@R field in DESCRIPTION.
  Please add one, modifying
    Authors@R: c(person(given = "Neeraj",
                        family = "Bokde",
                        role = c("aut", "cre"),
                        email = "neerajdhanraj@gmail.com"),
                 person(given = "Gualberto",
                        family = "Asencio-Cortes",
                        role = "aut"),
                 person(given = "Francisco",
                        family = "Martinez-Alvarez",
                        role = "aut"))
  as necessary.
  
  Package CITATION file contains call(s) to old-style personList() or
  as.personList().  Please use c() on person objects instead.
  Package CITATION file contains call(s) to old-style citEntry().  Please
  use bibentry() instead.
Flavors: r-devel-linux-x86_64-debian-clang, r-devel-linux-x86_64-debian-gcc