Last updated on 2025-05-22 03:50:45 CEST.
Flavor | Version | Tinstall | Tcheck | Ttotal | Status | Flags |
---|---|---|---|---|---|---|
r-devel-linux-x86_64-debian-clang | 1.0 | 24.46 | 154.96 | 179.42 | NOTE | |
r-devel-linux-x86_64-debian-gcc | 1.0 | 15.06 | 102.53 | 117.59 | NOTE | |
r-devel-linux-x86_64-fedora-clang | 1.0 | 290.33 | OK | |||
r-devel-linux-x86_64-fedora-gcc | 1.0 | 279.05 | OK | |||
r-devel-windows-x86_64 | 1.0 | 23.00 | 177.00 | 200.00 | OK | |
r-patched-linux-x86_64 | 1.0 | 23.74 | 151.43 | 175.17 | OK | |
r-release-linux-x86_64 | 1.0 | 22.26 | 150.20 | 172.46 | OK | |
r-release-macos-arm64 | 1.0 | 80.00 | OK | |||
r-release-macos-x86_64 | 1.0 | 155.00 | OK | |||
r-release-windows-x86_64 | 1.0 | 23.00 | 194.00 | 217.00 | OK | |
r-oldrel-macos-arm64 | 1.0 | 65.00 | OK | |||
r-oldrel-macos-x86_64 | 1.0 | 112.00 | OK | |||
r-oldrel-windows-x86_64 | 1.0 | 31.00 | 197.00 | 228.00 | OK |
Version: 1.0
Check: CRAN incoming feasibility
Result: NOTE
Maintainer: ‘Chun Pan <chunpan2003@hotmail.com>’
No Authors@R field in DESCRIPTION.
Please add one, modifying
Authors@R: person(given = "Chun",
family = "Pan",
role = c("aut", "cre"),
email = "chunpan2003@hotmail.com")
as necessary.
Flavors: r-devel-linux-x86_64-debian-clang, r-devel-linux-x86_64-debian-gcc