Last updated on 2025-11-04 03:51:01 CET.
| Flavor | Version | Tinstall | Tcheck | Ttotal | Status | Flags | 
|---|---|---|---|---|---|---|
| r-devel-linux-x86_64-debian-clang | 1.0.8 | 43.50 | 202.99 | 246.49 | OK | |
| r-devel-linux-x86_64-debian-gcc | 1.0.8 | 31.45 | 109.21 | 140.66 | OK | |
| r-devel-linux-x86_64-fedora-clang | 1.0.8 | 41.00 | 374.79 | 415.79 | OK | |
| r-devel-linux-x86_64-fedora-gcc | 1.0.8 | 79.00 | 339.43 | 418.43 | OK | |
| r-devel-windows-x86_64 | 1.0.8 | 51.00 | 191.00 | 242.00 | OK | |
| r-patched-linux-x86_64 | 1.0.8 | 44.81 | 197.29 | 242.10 | OK | |
| r-release-linux-x86_64 | 1.0.8 | 48.56 | 199.03 | 247.59 | OK | |
| r-release-macos-arm64 | 1.0.8 | 16.00 | 64.00 | 80.00 | OK | |
| r-release-macos-x86_64 | 1.0.8 | 20.00 | 195.00 | 215.00 | OK | |
| r-release-windows-x86_64 | 1.0.8 | 48.00 | 186.00 | 234.00 | OK | |
| r-oldrel-macos-arm64 | 1.0.8 | 16.00 | 70.00 | 86.00 | NOTE | |
| r-oldrel-macos-x86_64 | 1.0.8 | 23.00 | 203.00 | 226.00 | NOTE | |
| r-oldrel-windows-x86_64 | 1.0.8 | 60.00 | 285.00 | 345.00 | OK | 
Version: 1.0.8
Check: installed package size
Result: NOTE
    installed size is 10.0Mb
    sub-directories of 1Mb or more:
      libs   9.5Mb
Flavors: r-oldrel-macos-arm64, r-oldrel-macos-x86_64