Last updated on 2025-11-04 03:50:57 CET.
| Flavor | Version | Tinstall | Tcheck | Ttotal | Status | Flags | 
|---|---|---|---|---|---|---|
| r-devel-linux-x86_64-debian-clang | 2.1.2 | 14.97 | 93.65 | 108.62 | NOTE | |
| r-devel-linux-x86_64-debian-gcc | 2.1.2 | 8.81 | 64.60 | 73.41 | NOTE | |
| r-devel-linux-x86_64-fedora-clang | 2.1.2 | 30.00 | 134.78 | 164.78 | NOTE | |
| r-devel-linux-x86_64-fedora-gcc | 2.1.2 | 32.00 | 123.10 | 155.10 | NOTE | |
| r-devel-windows-x86_64 | 2.1.2 | 13.00 | 95.00 | 108.00 | OK | |
| r-patched-linux-x86_64 | 2.1.2 | 13.81 | 86.41 | 100.22 | OK | |
| r-release-linux-x86_64 | 2.1.2 | 13.22 | 87.74 | 100.96 | OK | |
| r-release-macos-arm64 | 2.1.2 | 5.00 | 40.00 | 45.00 | OK | |
| r-release-macos-x86_64 | 2.1.2 | 13.00 | 84.00 | 97.00 | OK | |
| r-release-windows-x86_64 | 2.1.2 | 14.00 | 91.00 | 105.00 | OK | |
| r-oldrel-macos-arm64 | 2.1.2 | 5.00 | 41.00 | 46.00 | OK | |
| r-oldrel-macos-x86_64 | 2.1.2 | 9.00 | 58.00 | 67.00 | OK | |
| r-oldrel-windows-x86_64 | 2.1.2 | 18.00 | 119.00 | 137.00 | OK | 
Version: 2.1.2
Check: CRAN incoming feasibility
Result: NOTE
  Maintainer: ‘Maya B. Mathur <mmathur@stanford.edu>’
  
  No Authors@R field in DESCRIPTION.
  Please add one, modifying
    Authors@R: c(person(given = c("Maya", "B."),
                        family = "Mathur",
                        role = c("aut", "cre"),
                        email = "mmathur@stanford.edu"),
                 person(given = "Rui",
                        family = "Wang",
                        role = "aut"),
                 person(given = c("Tyler", "J."),
                        family = "VanderWeele",
                        role = "aut"))
  as necessary.
Flavors: r-devel-linux-x86_64-debian-clang, r-devel-linux-x86_64-debian-gcc
Version: 2.1.2
Check: dependencies in R code
Result: NOTE
  Namespace in Imports field not imported from: ‘metadat’
    All declared Imports should be used.
Flavors: r-devel-linux-x86_64-fedora-clang, r-devel-linux-x86_64-fedora-gcc