Last updated on 2025-11-04 03:50:51 CET.
| Flavor | Version | Tinstall | Tcheck | Ttotal | Status | Flags | 
|---|---|---|---|---|---|---|
| r-devel-linux-x86_64-debian-clang | 1.3.1 | 44.10 | 115.82 | 159.92 | OK | |
| r-devel-linux-x86_64-debian-gcc | 1.3.1 | 28.43 | 86.77 | 115.20 | OK | |
| r-devel-linux-x86_64-fedora-clang | 1.3.1 | 99.00 | 170.40 | 269.40 | OK | |
| r-devel-linux-x86_64-fedora-gcc | 1.3.1 | 91.00 | 175.02 | 266.02 | OK | |
| r-devel-windows-x86_64 | 1.3.1 | 56.00 | 134.00 | 190.00 | OK | |
| r-patched-linux-x86_64 | 1.3.1 | 45.58 | 111.92 | 157.50 | OK | |
| r-release-linux-x86_64 | 1.3.1 | 44.67 | 111.34 | 156.01 | OK | |
| r-release-macos-arm64 | 1.3.1 | 17.00 | 64.00 | 81.00 | OK | |
| r-release-macos-x86_64 | 1.3.1 | 26.00 | 114.00 | 140.00 | OK | |
| r-release-windows-x86_64 | 1.3.1 | 55.00 | 132.00 | 187.00 | OK | |
| r-oldrel-macos-arm64 | 1.3.1 | 9.00 | 40.00 | 49.00 | NOTE | |
| r-oldrel-macos-x86_64 | 1.3.1 | 11.00 | 68.00 | 79.00 | NOTE | |
| r-oldrel-windows-x86_64 | 1.3.1 | 66.00 | 171.00 | 237.00 | NOTE | 
Version: 1.3.1
Check: for GNU extensions in Makefiles
Result: NOTE
  GNU make is a SystemRequirements.
Flavors: r-oldrel-macos-arm64, r-oldrel-macos-x86_64, r-oldrel-windows-x86_64