Last updated on 2025-11-04 03:50:46 CET.
| Flavor | Version | Tinstall | Tcheck | Ttotal | Status | Flags | 
|---|---|---|---|---|---|---|
| r-devel-linux-x86_64-debian-clang | 0.2.3 | 45.46 | 65.27 | 110.73 | NOTE | |
| r-devel-linux-x86_64-debian-gcc | 0.2.3 | 38.82 | 49.86 | 88.68 | NOTE | |
| r-devel-linux-x86_64-fedora-clang | 0.2.3 | 94.00 | 82.05 | 176.05 | OK | |
| r-devel-linux-x86_64-fedora-gcc | 0.2.3 | 122.00 | 71.57 | 193.57 | OK | |
| r-devel-windows-x86_64 | 0.2.3 | 50.00 | 102.00 | 152.00 | OK | |
| r-patched-linux-x86_64 | 0.2.3 | 56.68 | 66.20 | 122.88 | OK | |
| r-release-linux-x86_64 | 0.2.3 | 49.46 | 65.83 | 115.29 | OK | |
| r-release-macos-arm64 | 0.2.3 | 21.00 | 33.00 | 54.00 | OK | |
| r-release-macos-x86_64 | 0.2.3 | 44.00 | 71.00 | 115.00 | OK | |
| r-release-windows-x86_64 | 0.2.3 | 48.00 | 100.00 | 148.00 | OK | |
| r-oldrel-macos-arm64 | 0.2.3 | 19.00 | 31.00 | 50.00 | NOTE | |
| r-oldrel-macos-x86_64 | 0.2.3 | 28.00 | 49.00 | 77.00 | NOTE | |
| r-oldrel-windows-x86_64 | 0.2.3 | 58.00 | 128.00 | 186.00 | NOTE | 
Version: 0.2.3
Check: CRAN incoming feasibility
Result: NOTE
  Maintainer: ‘Haoyu Zhang <andrew.haoyu@gmail.com>’
  
  No Authors@R field in DESCRIPTION.
  Please add one, modifying
    Authors@R: c(person(given = "Ni",
                        family = "Zhao",
                        role = "aut"),
                 person(given = "Haoyu",
                        family = "Zhang",
                        role = c("aut", "cre"),
                        email = "andrew.haoyu@gmail.com"))
  as necessary.
Flavors: r-devel-linux-x86_64-debian-clang, r-devel-linux-x86_64-debian-gcc
Version: 0.2.3
Check: installed package size
Result: NOTE
    installed size is 21.2Mb
    sub-directories of 1Mb or more:
      libs  20.9Mb
Flavors: r-oldrel-macos-arm64, r-oldrel-macos-x86_64
Version: 0.2.3
Check: LazyData
Result: NOTE
    'LazyData' is specified without a 'data' directory
Flavors: r-oldrel-macos-arm64, r-oldrel-macos-x86_64, r-oldrel-windows-x86_64